composite?
False
Is 28465522387 a prime number?
True
Is 18337938529 composite?
True
Is 60653522005 prime?
False
Is 456527417 composite?
False
Is 11544592817 a prime number?
True
Is 16143624223 a composite number?
True
Is 21199089061 a prime number?
False
Is 17515956391 a composite number?
False
Is 1754118329 a prime number?
False
Is 19143802409 a composite number?
False
Is 191665981 prime?
False
Is 20141556041 prime?
True
Is 73353052343 a composite number?
True
Is 4201948073 composite?
False
Is 8119482307 prime?
True
Is 53584738777 prime?
False
Is 697017977 composite?
True
Is 1458217213 prime?
False
Is 695660937 a prime number?
False
Is 12360510835 a prime number?
False
Is 20501811383 a prime number?
True
Is 7017618569 a composite number?
True
Is 3748373471 a composite number?
False
Is 451099829 prime?
True
Is 406370411 a composite number?
False
Is 3185780209 prime?
False
Is 5905772329 a composite number?
True
Is 8033466731 a composite number?
False
Is 70207918549 composite?
True
Is 1281256157 prime?
True
Is 4736316001 prime?
True
Is 3236020277 a composite number?
True
Is 4314493753 a prime number?
True
Is 6251600659 a composite number?
True
Is 678695009 a composite number?
True
Is 58933270689 prime?
False
Is 1605916037 prime?
False
Is 171681563777 composite?
True
Is 12047705403 composite?
True
Is 1781389879 a prime number?
True
Is 6441346727 a prime number?
True
Is 16974345037 composite?
True
Is 885378671 a prime number?
False
Is 9470642287 a prime number?
True
Is 13699629529 composite?
False
Is 7622409133 prime?
True
Is 5792324777 a composite number?
False
Is 353133797 a composite number?
False
Is 8809788293 prime?
True
Is 12384246977 composite?
False
Is 1115987629 composite?
True
Is 539865289 prime?
True
Is 6504941011 a prime number?
True
Is 17665217981 prime?
False
Is 4987067461 prime?
True
Is 3023794523 a prime number?
True
Is 517115439223 composite?
False
Is 89242723 a composite number?
True
Is 590147027 a prime number?
False
Is 105041471219 a composite number?
True
Is 1102163993 composite?
True
Is 33748247189 composite?
False
Is 762003539677 prime?
True
Is 121109981 a prime number?
False
Is 88822013 a composite number?
True
Is 3475772369 a composite number?
False
Is 2454275217 prime?
False
Is 5314694503 a prime number?
True
Is 1340766197 prime?
True
Is 4447126469 a composite number?
False
Is 15359933 composite?
False
Is 55296838063 a composite number?
True
Is 401320369 a prime number?
False
Is 2971667353 a composite number?
False
Is 1218170689 a prime number?
False
Is 1227043133 a prime number?
True
Is 59984793511 prime?
True
Is 27876304033 prime?
True
Is 869830603 prime?
False
Is 4906527283 composite?
True
Is 490658167 a composite number?
False
Is 5227352891 a prime number?
True
Is 89393606 a composite number?
True
Is 1690609961 a composite number?
False
Is 906861503 prime?
False
Is 110998081639 a composite number?
True
Is 2461098643 composite?
False
Is 2975260133 composite?
True
Is 5696189809 composite?
True
Is 2995307233 composite?
True
Is 2320830671 prime?
False
Is 14793533431 composite?
False
Is 1486643 a composite number?
True
Is 1640474183 composite?
False
Is 313701672567 prime?
False
Is 190320179 composite?
True
Is 1047573649 a prime number?
False
Is 11186490241 prime?
True
Is 35989271431 prime?
False
Is 831797431 prime?
True
Is 851415533 a composite number?
False
Is 840817643 prime?
False
Is 9562841161 a prime number?
False
Is 76272058711 composite?
False
Is 61473710369 a composite number?
True
Is 630314179 a composite number?
True
Is 204856747 composite?
False
Is 661787333 prime?
True
Is 29580378973 a composite number?
False
Is 1967844845 composite?
True
Is 75943151 prime?
False
Is 97072361 a prime number?
False
Is 4217161121 prime?
False
Is 31398137 a composite number?
False
Is 3084853351 a prime number?
False
Is 1400605603 a prime number?
True
Is 772993981 composite?
True
Is 4045192202 a prime number?
False
Is 41347791839 a composite number?
False
Is 331264807 a prime number?
True
Is 1634758105 prime?
False
Is 40398111521 composite?
False
Is 467193899 a composite number?
False
Is 9621339353 a composite number?
False
Is 707298233 composite?
True
Is 5672843263 a composite number?
True
Is 1419369317 a prime number?
False
Is 33387071 a composite number?
False
Is 2875207583 composite?
True
Is 36680923009 composite?
False
Is 22449734369 a composite number?
False
Is 570113179 prime?
False
Is 360498023 a prime number?
False
Is 3863622787 a prime number?
False
Is 145558873 a prime number?
True
Is 1169074273 composite?
True
Is 96980977837 a composite number?
False
Is 29906212621 a prime number?
True
Is 542768371 a prime number?
True
Is 1273321223 a composite number?
False
Is 5074273591 a composite number?
True
Is 47191216573 a composite number?
True
Is 12115698401 prime?
False
Is 7452175001 prime?
True
Is 25553026997 prime?
True
Is 2688368677 a composite number?
True
Is 6802559473 a prime number?
False
Is 11914328099 prime?
True
Is 44168686711 composite?
True
Is 39796179389 a composite number?
False
Is 283336843 prime?
True
Is 41332487437 prime?
True
Is 5409376018 prime?
False
Is 22680524299 composite?
False
Is 7513781447 a prime number?
True
Is 306470719 a prime number?
False
Is 10424575571 a prime number?
True
Is 6882384203 composite?
False
Is 10036904041 composite?
False
Is 519163781 composite?
True
Is 4772216177 prime?
True
Is 224912873 composite?
True
Is 66299689147 composite?
False
Is 4496462233 a composite number?
True
Is 3668052109 a composite number?
False
Is 642586411 a composite number?
False
Is 22141428913 a prime number?
True
Is 2053427531 prime?
True
Is 5807042509 composite?
True
Is 24739657939 a prime number?
False
Is 4692934009 prime?
True
Is 63343661033 a prime number?
True
Is 791662271 prime?
False
Is 127537753 composite?
True
Is 1380131407 composite?
False
Is 18791841391 prime?
False
Is 17329730213 a composite number?
True
Is 256982059 a composite number?
True
Is 127988387 prime?
False
Is 6762550079 prime?
False
Is 2643502657 a prime number?
True
Is 55158614657 prime?
False
Is 6240860551 a composite number?
True
Is 393361478771 composite?
False
Is 6257267801 prime?
False
Is 288873166 a composite number?
True
Is 38584811 a composite number?
False
Is 60586502881 composite?
False
Is 1458095461 a prime number?
False
Is 70707863 a prime number?
True
Is 623691293 composite?
True
Is 905341427 a prime number?
True
Is 3231991733 composite?
False
Is 8169390223 a composite number?
False
Is 6197590523 a composite number?
False
Is 218367197 a composite number?
True
Is 630295547 a prime number?
False
Is 603944249 a composite number?
False
Is 1183487705 a composite number?
True
Is 17635137643 prime?
False
Is 218792447 composite?
True
Is 216569494447 a prime number?
True
Is 13570827761 a composite number?
False
Is 4518299069 composite?
False
Is 393218311 prime?
True
Is 12604271 prime?
False
Is 39220856569 composite?
True
Is 143552393 a composite number?
False
Is 2945542715 a prime number?
False
Is 98478829094 composite?
True
Is 82325063 a composite number?
False
Is 303470917 a composite number?
False
Is 2455599287 a prime number?
False
Is 19765923227 a prime number?
True
Is 1678136267 composite?
True
Is 5771436367 prime?
True
Is 31359917713 a prime number?
True
Is 5289693733 a prime number?
False
Is 7493300123 prime?
False
Is 4799101313 a composite number?
True
Is 1164753131 prime?
True
Is 5990199609 a prime number?
False
Is 2720215087 a composite number?
False
Is 154615601 a composite number?
True
Is 72927772319 prime?
False
Is 6062282251 prime?
False
Is 89800227115 a prime number?
False
Is 82217651 prime?
True
Is 414713839 prime?
True
Is 19123229 a prime number?
True
Is 17157810185 a composite number?
True
Is 31978460743 a composite number?
False
Is 9631643051 a prime number?
False
Is 4774181021 a composite number?
False
Is 2103309257 a composite number?
True
Is 5845507813 composite?
False
Is 31633330583 composite?
False
Is 272114527 composite?
False
Is 68446608529 composite?
True
Is 1283223251 a prime number?
False
Is 6534941851 composite?
False
Is 355564229 a composite number?
True
Is 3467278057 a composite number?
True
Is 4126137943 prime?
False
Is 6278239243 a prime number?
True
Is 16277363929 a composite number?
True
Is